2433750?
True
Does 4059 divide 81975564?
True
Does 8 divide 95518776?
True
Is 92886297 a multiple of 21?
True
Is 262117767 a multiple of 414?
False
Is 25808243 a multiple of 373?
True
Is 83 a factor of 454165044?
True
Is 403900137 a multiple of 9?
True
Is 110489883 a multiple of 50?
False
Is 14551462 a multiple of 31?
True
Is 2880164 a multiple of 18?
False
Does 23 divide 122900270?
True
Is 483015305 a multiple of 1033?
True
Is 36 a factor of 304485516?
True
Is 11069023 a multiple of 191?
True
Does 19 divide 49873740?
False
Is 172451646 a multiple of 673?
False
Is 65 a factor of 22231950?
True
Is 12767118 a multiple of 546?
True
Does 129 divide 16131978?
False
Is 3 a factor of 69150232?
False
Is 5724741 a multiple of 39?
False
Is 6927 a factor of 1072663322?
False
Does 138 divide 62564922?
True
Is 191416000 a multiple of 1685?
True
Is 188139624 a multiple of 1884?
False
Is 1207446820 a multiple of 57?
False
Is 6 a factor of 5464008?
True
Is 871112736 a multiple of 1872?
True
Is 34385553 a multiple of 1317?
True
Is 74 a factor of 578606745?
False
Is 8 a factor of 25352213?
False
Is 24329003 a multiple of 107?
False
Does 9 divide 23697511?
False
Is 6 a factor of 458292697?
False
Does 1549 divide 650267102?
True
Is 8 a factor of 7279631?
False
Is 38 a factor of 10885860?
True
Does 16 divide 17251474?
False
Is 1173 a factor of 132206484?
True
Is 212197465 a multiple of 101?
True
Is 2099760527 a multiple of 186?
False
Does 221 divide 3852708691?
True
Is 26962713 a multiple of 3?
True
Is 54187210 a multiple of 55?
True
Does 77 divide 996380?
True
Is 394 a factor of 1703126?
False
Is 147 a factor of 7285026?
True
Does 47 divide 26705071?
True
Does 1291 divide 3387650564?
False
Is 126 a factor of 13669992?
True
Is 139 a factor of 21927086?
False
Is 43201830 a multiple of 147?
True
Does 55 divide 25004021?
False
Is 5315 a factor of 42685353?
False
Is 9107 a factor of 808920168?
True
Is 58 a factor of 477554794?
False
Is 23 a factor of 7143048?
False
Does 16 divide 5288066?
False
Does 62 divide 59155316?
True
Is 536765614 a multiple of 277?
True
Is 3495924 a multiple of 19?
True
Does 13 divide 142865584?
False
Does 3046 divide 1481403042?
False
Is 2212 a factor of 5534424?
True
Is 50149953 a multiple of 569?
True
Does 51 divide 6563190?
True
Is 82 a factor of 64513418?
True
Is 4 a factor of 1481967242?
False
Does 2649 divide 2033303526?
True
Does 35 divide 855487500?
True
Is 1347678448 a multiple of 82?
False
Is 122 a factor of 258572907?
False
Is 23 a factor of 6114872?
True
Is 30 a factor of 2258070?
True
Is 27 a factor of 43886374?
False
Is 39 a factor of 47767696?
False
Does 2745 divide 62579516?
False
Is 23584302 a multiple of 42?
True
Does 20 divide 59820120?
True
Is 27874490 a multiple of 70?
True
Is 40 a factor of 145417480?
True
Does 27 divide 1499445?
True
Is 407665368 a multiple of 132?
True
Is 355 a factor of 169475935?
True
Is 185573970 a multiple of 4?
False
Does 8 divide 182280711?
False
Is 2656607735 a multiple of 1629?
False
Is 25365247 a multiple of 19?
True
Is 1201249500 a multiple of 517?
True
Is 159 a factor of 10048005?
True
Is 176972614 a multiple of 14?
True
Is 498 a factor of 2355078354?
True
Is 21171136 a multiple of 157?
True
Is 233 a factor of 4916935391?
True
Is 49000589 a multiple of 11?
True
Does 1488 divide 24878448?
False
Is 1527609246 a multiple of 1383?
True
Does 174 divide 211823949?
False
Is 725 a factor of 40482010?
False
Is 3 a factor of 4961231?
False
Is 56188939 a multiple of 40?
False
Does 202 divide 831407760?
True
Is 26540734 a multiple of 61?
True
Does 135 divide 591392611?
False
Does 323 divide 129616024?
True
Is 1846 a factor of 63661156?
True
Does 88 divide 27966187?
False
Is 25212252 a multiple of 58?
True
Is 129016890 a multiple of 138?
True
Is 56289022 a multiple of 461?
True
Does 6975 divide 3419802427?
False
Is 125478360 a multiple of 29?
True
Does 308 divide 1768999459?
False
Is 16 a factor of 23166958?
False
Is 40 a factor of 1904252?
False
Does 2519 divide 3875350?
False
Is 274 a factor of 960588926?
True
Is 20327688 a multiple of 18?
True
Does 5 divide 68689386?
False
Does 324 divide 16792596?
True
Does 122 divide 293571870?
False
Is 16 a factor of 2025031904?
True
Does 4641 divide 67053168?
True
Is 3 a factor of 499647738?
True
Does 138 divide 43372264?
False
Does 498 divide 25158960?
True
Is 102446351 a multiple of 34?
False
Is 1357017903 a multiple of 6?
False
Does 4567 divide 309740177?
False
Does 234 divide 64633213?
False
Is 390661740 a multiple of 21?
True
Does 220 divide 56877700?
True
Does 7 divide 22525423?
False
Is 1662 a factor of 134267994?
True
Is 14602 a factor of 3184623190?
True
Is 1946 a factor of 1449016898?
True
Is 381 a factor of 1073368059?
True
Is 86859758 a multiple of 30?
False
Is 1120 a factor of 49610400?
True
Is 1469056104 a multiple of 118?
True
Is 161394366 a multiple of 233?
False
Is 78 a factor of 2725242?
True
Is 6392 a factor of 4299476528?
True
Is 55708240 a multiple of 248?
True
Does 62 divide 1489410255?
False
Is 589303581 a multiple of 11?
False
Is 25350247 a multiple of 13?
True
Is 2295052636 a multiple of 2356?
True
Is 1623 a factor of 19146531?
True
Does 15 divide 203947160?
False
Is 5043356966 a multiple of 14?
False
Is 245 a factor of 76473075?
True
Does 22 divide 14688878?
False
Is 455100512 a multiple of 16?
True
Does 31 divide 2827572?
True
Is 53 a factor of 14006968?
False
Is 139711300 a multiple of 43?
True
Is 273 a factor of 1690973295?
False
Is 1247066716 a multiple of 14?
True
Is 3504 a factor of 391764720?
True
Does 311 divide 462067028?
False
Is 226658203 a multiple of 20?
False
Is 28512000 a multiple of 20?
True
Is 1389 a factor of 1439538765?
True
Does 5 divide 24066692?
False
Does 166 divide 430058612?
False
Does 40 divide 5395710?
False
Does 530 divide 327968240?
True
Is 148463600 a multiple of 265?
True
Is 4484586604 a multiple of 1054?
True
Does 14 divide 732717761?
False
Is 48100 a multiple of 25?
True
Does 6 divide 66793424?
False
Does 25 divide 311855537?
False
Does 133 divide 263365270?
True
Is 28 a factor of 32053237?
False
Is 191308714 a multiple of 1333?
False
Is 22039604 a multiple of 250?
False
Does 20 divide 1144006456?
False
Is 657646368 a multiple of 32?
True
Is 2683797650 a multiple of 1655?
True
Is 613817089 a multiple of 12?
False
Is 11511 a factor of 1728019809?
True
Is 474 a factor of 65230851?
False
Is 68207949 a multiple of 400?
False
Does 5 divide 25836835?
True
Does 280 divide 2864424571?
False
Is 4144854 even?
True
Does 10 divide 252639990?
True
Is 55 a factor of 84797790?
True
Is 103 a factor of 47291513?
False
Is 321069320 a multiple of 507?
False
Is 24 a factor of 38356767?
False
Is 13010936 a multiple of 146?
True
Is 190 a factor of 47888170?
True
Does 38 divide 253837460?
False
Is 28 a factor of 1936509?
False
Does 22 divide 234534675?
False
Is 40 a factor of 13909360?
True
Does 116 divide 360054788?
False
Does 645 divide 2302407102?
False
Does 47 divide 774117636?
True
Is 90674442 a multiple of 18?
True
Is 7472086 a multiple of 311?
True
Does 77 divide 1118431892?
False
Is 5157594225 a multiple of 13725?
True
Is 1868 a factor of 42785036?
False
Is 263 a factor of 55235184?
False
Is 856149312 a multiple of 64?
True
Does 54 divide 143947159?
False
Is 5921 a factor of 3272767619?
True
Is 117883969 a multiple of 21?
False
Is 115 a factor of 32864815?
True
Is 813260028 a multiple of 388?
True
Is 149 a factor of 1198855192?
True
Is 18360599 a multiple of 39?
False
Is 263 a factor of 27798910?
False
Is 90 a factor of 244873440?
True
Is 392 a factor of 34534808?
True
Does 11499 divide 3429588249?
True
Is 89 a factor of 20342997?
True
Does 3124 divide 260655677?
False
Is 5 a factor of 222249605?
True
Is 279 a factor of 1277665434?
True
Is 126054756 a multiple of 747?
True
Does 133 divide 149473872?
False
Is 1050105073 a multiple of 2992?
False
Does 617 divide 251513880?
True
Is 28549829 a multiple of 2384?
False
Is 35521738 a multiple of 36?
False
Is 5137 a factor of 1032159765?
False
Does 2 divide 143095198?
True
Is 1957815340 a multiple of 260?
True
Is 108754257 a multiple of 348?
False
Does 10 divide 227298122?
False
Is 46 a factor of 638614414?
False
Is 450044220 a multiple of 23?
True
Is 17 a factor of 84024375